rs of p?
2, 7
Let l(f) = 12*f**2 - 2*f - 85. What are the prime factors of l(-7)?
11, 47
Suppose 178*i - 162*i - 22256 = 0. List the prime factors of i.
13, 107
Let p(d) = -d**3 + 12*d**2 + 14*d + 3. Suppose 5*m + 5*z - 75 = 0, -4*m - z = -6*z - 42. What are the prime factors of p(m)?
2
Let h be (1 - 6/1)*-3. Let t = 18 - h. What are the prime factors of t?
3
Suppose 1187 = 3*v - 2*y - 2*y, -5*v + y + 1950 = 0. List the prime factors of v.
389
Suppose 0 = -v - 3*v. Suppose 4*y - 2*l - 250 = v, -y - 3*y + 4*l = -256. List the prime factors of y.
61
Suppose -5*w - 2*h + 13628 = 0, -w = 9*h - 4*h - 2721. List the prime factors of w.
2, 29, 47
Let d be 0 + 9/((-6)/(-2)). Let l be 20/2*d/6. Suppose 0 = 4*q + 20, -l*u = -q - 57 - 58. What are the prime factors of u?
2, 11
Let z(y) = -4*y**2 - 149*y - 21. List the prime factors of z(-22).
1321
Suppose -3*l + 158 = 2*x, 5*l - 276 = -3*x + 6*x. Suppose 3*h - 234 - l = 0. What are the prime factors of h?
2, 3
Let x = -1408 - -3116. List the prime factors of x.
2, 7, 61
Let b(v) = v**2 - v - 1. Let l be b(3). Suppose -5*w - 157 = -4*c, l*c - 3*w - 195 = 2*w. Suppose 0 = g - c + 10. What are the prime factors of g?
2, 7
Let b(y) = -45 - y**2 + 12*y + 0*y**2 + 55. What are the prime factors of b(9)?
37
Suppose 3*m - m - 4*l = 1160, -3*m - 3*l + 1731 = 0. What are the prime factors of m?
2, 17
Let m be 38*(-3 + (-10)/(-4) - 1). Let j = -10 - m. What are the prime factors of j?
47
Let r(l) = l**2 + 19*l + 18. Let w be r(-18). Suppose w*p - 2*p + 4966 = 0. List the prime factors of p/39 + 8/6.
5, 13
Suppose -16 = -3*t + 2*i, -t - 21 = 5*i + 2. Suppose -t*g + 0*g + 140 = -4*x, -4*x = 3*g - 170. What are the prime factors of g?
2, 31
Suppose -2*p - 2 = -8. Suppose t = -p*t + 400. What are the prime factors of t?
2, 5
Let w be 1*(-2)/(-3)*-75. Let p = 15 - w. List the prime factors of p.
5, 13
Let j(x) = -43*x**2 - 9*x - 9. Let s(u) = 14*u**2 + 3*u + 3. Let d(n) = -6*j(n) - 17*s(n). What are the prime factors of d(3)?
2, 3
Let v be (0 + -1)/(-2 - -1). Let t be v/(2/64*2). What are the prime factors of (-51)/(-4) - (-4)/t?
13
Suppose 4*l + 18 = -5*w, 0*w + w + 12 = -5*l. What are the prime factors of 12/(-3) + 16 + l?
2, 5
Let l(t) = 5*t + 4. Suppose 2*c - 2*d + d = 27, 5*c + d - 85 = 0. List the prime factors of l(c).
2, 3, 7
List the prime factors of 5 - 15402/12*(5 + -7).
2, 643
Suppose -v + 6*w = 2*w - 519, 0 = 5*w - 10. List the prime factors of v.
17, 31
Let t = 139 + -201. Let d = t + 103. What are the prime factors of d?
41
Let x = -47 + 52. Let t = x + 13. What are the prime factors of t?
2, 3
Let d = 6830 - 3752. What are the prime factors of d?
2, 3, 19
What are the prime factors of (-2392)/(-6) + 70/210?
3, 7, 19
Suppose 3*b + 15 = 0, t + 5*b - 14 = 129. What are the prime factors of t?
2, 3, 7
Let p(g) = -11*g - 34. Let h be p(-16). Suppose 164 - h = b. List the prime factors of b.
2, 11
What are the prime factors of 6/((-18)/5712*-8)?
2, 7, 17
Let k = 629 - 158. What are the prime factors of k?
3, 157
What are the prime factors of (-1944)/(-27) + 6/1?
2, 3, 13
Let j = -15 - -17. Suppose -3*p = -2*g - j*p + 4, 5*g - 3*p - 8 = 0. Suppose 4*m = 3*m - g, 5*m + 52 = 4*i. What are the prime factors of i?
2
Suppose -2*m = 3*l + 3*m - 116, 5*l - 182 = 3*m. Suppose 0 = 4*x - 391 - l. List the prime factors of x.
107
Let m = 28 + -41. Let w = -10 - m. What are the prime factors of (-3)/((-12)/32) + w?
11
Let m(f) = 30*f - 2. Let y(t) = -2*t + 26. Let a be y(11). Suppose -3*r + 8 = -2*w, -a*w + 5*w = -r + 6. List the prime factors of m(w).
2, 29
Let l = 327 + -229. List the prime factors of (l/(-4))/(1/(-2)).
7
Suppose -5*s - 680 = -s. Let q = s - -303. What are the prime factors of q?
7, 19
Suppose 10 - 13 = -g. Suppose -g*w + 8*w - j + 290 = 0, 3*w - 2*j = -167. Let z = w - -113. List the prime factors of z.
2, 3
Suppose 2*q + 4819 = 3*g, 2*g = -27*q + 22*q + 3181. What are the prime factors of g?
7, 229
Suppose 2*v - 4*c = 5*v - 198, v - 66 = -4*c. List the prime factors of (6/4)/(v/3520).
2, 5
Suppose f + 4*f = 1075. Suppose -f = -6*j + j. What are the prime factors of j?
43
Let f = -366 - -3281. List the prime factors of f.
5, 11, 53
Suppose -5*l - 5*f = -25, 4*f - 1 + 8 = 5*l. Suppose -l*u + 761 = -4*c + 8*c, c - 195 = 4*u. List the prime factors of c.
191
Suppose 0 = -5*h + z + 24, 3*z + 24 = h + 8. Suppose 5*n + 333 = h*g, g - 6*g + 2*n + 412 = 0. List the prime factors of g.
2, 41
Let v be 25/10*(-6)/(-5). Let x(g) = -g**3 - 5*g**2 - 6*g - 5. Let t be x(-4). Suppose z - 66 = -v*q + t*z, z = 3. What are the prime factors of q?
2, 3
Let w(s) = s**2 - 10*s + 3. Let b be w(11). Suppose 2*g = -4*x - b, 5*g + 5*x = -9 - 1. Suppose 48 = 9*r - g*r. What are the prime factors of r?
2
Let l(g) = 56*g - 10. Let h be l(5). Suppose -5*b + h = b. What are the prime factors of b?
3, 5
Suppose -2 = -4*u + 5*g - 78, -2*u = -5*g + 48. Let q(m) = -2*m**2 - 9*m + 7. Let f be q(-7). Let v = u - f. What are the prime factors of v?
2, 7
Let y(b) = -2*b**3 - b**2 - 2*b + 1. Suppose 80 = 3*r + 2*r. Let o be r/12*6/(-4). List the prime factors of y(o).
17
Let o be 2788/153 - (-2)/(-9). Suppose -7 - o = -5*i. Suppose 2*d = -i*d + 273. List the prime factors of d.
3, 13
Let c = 3216 - 1916. List the prime factors of c.
2, 5, 13
Let q(c) = -16*c + 382. What are the prime factors of q(8)?
2, 127
Suppose -n = 6*n - 14. Suppose -m = n*m + w - 229, 382 = 5*m + 2*w. Suppose 0 = h + h - m. What are the prime factors of h?
2, 19
What are the prime factors of (1 - 5/2)/(7/(-4116))?
2, 3, 7
Let u = 26 - 23. Let c(a) = -a**3 + 3*a**2 + a + 4. List the prime factors of c(u).
7
Let x(d) be the second derivative of 2*d**3/3 + 11*d**2/2 + 9*d. What are the prime factors of x(6)?
5, 7
Let z(r) = 4*r**2 - 7*r - 25. What are the prime factors of z(-11)?
2, 67
Let k(h) = 5*h - 6. Let o = 40 + -31. What are the prime factors of k(o)?
3, 13
Suppose 0 = -j - 4*k + 453, 4*j - 1279 = 3*k + 495. What are the prime factors of j?
5, 89
Let q(v) = -8*v + 58. What are the prime factors of q(6)?
2, 5
Suppose -3*j + 3*r + 12 = -111, 3*r = -15. Suppose q - j = 4*q. Let m = -1 - q. List the prime factors of m.
11
Let x(q) = 3*q + 1. Let d be x(7). Let p(g) = 7*g**3 - 2*g**2 + 4*g + 4. Let z be p(2). Let m = z - d. What are the prime factors of m?
2, 19
What are the prime factors of (-2)/11 - (76475/(-77) + -7)?
2, 5
Let w be -1 + (2 - -1 - 3 - -1). Suppose -379 = -w*l - 3*l - o, l - 123 = -2*o. List the prime factors of l.
127
Let z(s) = 9*s + 3. Let j(a) = -10*a - 4. Let y(k) = 2*j(k) + 3*z(k). Suppose -2*b = 3*m - 0*m - 20, 0 = -3*b - 5*m + 32. What are the prime factors of y(b)?
29
Suppose -p + 0 + 1 = 0. Let v(l) = 6 - 3 + l + p - 1. What are the prime factors of v(9)?
2, 3
Suppose 0 = -7*q - 1133 + 6278. List the prime factors of q.
3, 5, 7
Let m = -6351 - -10620. What are the prime factors of m?
3, 1423
Let x(i) = i**3 + 8*i**2 - 8*i + 10. Let o be x(-10). Let q = o - -212. What are the prime factors of q?
2, 3, 17
Let f(v) = 8*v**2 + 14*v - 14. Let g(a) be the third derivative of a**4/24 - a**3/6 + 2*a**2. Let b(p) = f(p) - 12*g(p). What are the prime factors of b(2)?
2, 17
Let p(j) = j**3 + j**2 - j + 67. Let g be ((-5)/2)/((-2)/20). Suppose -2*h + f + 5 = 0, 0 = 2*h + 2*h - 5*f - g. List the prime factors of p(h).
67
List the prime factors of 893 - -3 - (-8)/(-2).
2, 223
Let f = 551 - 322. List the prime factors of f.
229
Let g be (3 - 0)/(3/39). Let f = -45 + 110. Let l = f - g. What are the prime factors of l?
2, 13
Let f be (-2)/5 - (-257)/5. Suppose 2*x - f = x - 2*g, -5*x + 4*g = -241. Suppose 5*o = x - 19. What are the prime factors of o?
2, 3
Suppose -13 = -j - 11. Suppose 0 = -5*t - 2*m, 5*t + 3 = -3*m - j. Suppose t*o - 5*o = -66. What are the prime factors of o?
2, 11
Let c be 0/(1 + 1 + -3). Suppose -q + 3*y - 6 = -c*y, 9 = -q + 4*y. Suppose -4*x - k = 3*k - 68, -9 = -x - q*k. List the prime factors of x.
3, 7
Suppose -99 + 30 = 3*l. Suppose -78 = 3*j - 5*j. Let s = j + l. What are the prime factors of s?
2
Let j(n) = -3*n - 10. Let z be j(-5). Suppose z*s = h - 39, -2*h + 4*s + 78 = -s. List the prime factors of h.
3, 13
Suppose -52 = 4*i - u, -2*i - 3*i - 65 = -5*u. Let y = i + 6. Let k(w) = -w**3 - 7*w**2 - w + 10. What are the prime